digit of 163948?
8
What is the millions digit of 1089464?
1
What is the ten thousands digit of 2934739?
3
What is the ten thousands digit of 540429?
4
What is the thousands digit of 2675986?
5
What is the hundred thousands digit of 868483?
8
What is the ten thousands digit of 440468?
4
What is the hundreds digit of 24001840?
8
What is the hundreds digit of 1043953?
9
What is the units digit of 1618919?
9
What is the tens digit of 300951?
5
What is the thousands digit of 4405563?
5
What is the millions digit of 13021790?
3
What is the tens digit of 5152405?
0
What is the hundred thousands digit of 981520?
9
What is the hundreds digit of 6777518?
5
What is the thousands digit of 16290433?
0
What is the thousands digit of 1274625?
4
What is the thousands digit of 344408?
4
What is the tens digit of 2614373?
7
What is the hundreds digit of 367488?
4
What is the tens digit of 91462?
6
What is the tens digit of 966054?
5
What is the hundred thousands digit of 13977692?
9
What is the tens digit of 176108?
0
What is the tens digit of 35007?
0
What is the thousands digit of 2942125?
2
What is the ten thousands digit of 713209?
1
What is the ten thousands digit of 415499?
1
What is the units digit of 1204259?
9
What is the hundred thousands digit of 4025937?
0
What is the ten thousands digit of 748941?
4
What is the thousands digit of 973231?
3
What is the tens digit of 9285695?
9
What is the hundreds digit of 198011?
0
What is the tens digit of 152277?
7
What is the hundred thousands digit of 3484873?
4
What is the ten thousands digit of 126033?
2
What is the hundreds digit of 601450?
4
What is the thousands digit of 195913?
5
What is the tens digit of 21669972?
7
What is the units digit of 6356926?
6
What is the hundreds digit of 315589?
5
What is the ten thousands digit of 449842?
4
What is the tens digit of 31483?
8
What is the units digit of 1364238?
8
What is the thousands digit of 1469688?
9
What is the hundreds digit of 761577?
5
What is the thousands digit of 584036?
4
What is the units digit of 470408?
8
What is the tens digit of 826826?
2
What is the thousands digit of 6024763?
4
What is the ten thousands digit of 448676?
4
What is the units digit of 878482?
2
What is the thousands digit of 4834230?
4
What is the ten thousands digit of 2902727?
0
What is the units digit of 200880?
0
What is the millions digit of 2317088?
2
What is the thousands digit of 956220?
6
What is the hundreds digit of 389438?
4
What is the units digit of 357217?
7
What is the tens digit of 11178265?
6
What is the tens digit of 1420683?
8
What is the hundreds digit of 125244?
2
What is the hundred thousands digit of 12425547?
4
What is the hundreds digit of 3769687?
6
What is the tens digit of 366276?
7
What is the thousands digit of 845008?
5
What is the units digit of 71698?
8
What is the hundreds digit of 3416479?
4
What is the thousands digit of 100431?
0
What is the thousands digit of 39604848?
4
What is the hundreds digit of 70687?
6
What is the hundred thousands digit of 549534?
5
What is the millions digit of 1231884?
1
What is the tens digit of 6741397?
9
What is the thousands digit of 1208519?
8
What is the tens digit of 34021?
2
What is the ten thousands digit of 97726?
9
What is the hundreds digit of 1086?
0
What is the units digit of 371182?
2
What is the units digit of 3195635?
5
What is the hundred thousands digit of 1955727?
9
What is the tens digit of 52707?
0
What is the units digit of 570775?
5
What is the thousands digit of 284177?
4
What is the tens digit of 883935?
3
What is the hundred thousands digit of 3242214?
2
What is the units digit of 2956773?
3
What is the millions digit of 12345133?
2
What is the hundred thousands digit of 1084474?
0
What is the ten thousands digit of 941349?
4
What is the hundred thousands digit of 2164564?
1
What is the ten thousands digit of 16525366?
2
What is the millions digit of 11761200?
1
What is the hundred thousands digit of 139237?
1
What is the hundreds digit of 679826?
8
What is the ten thousands digit of 773501?
7
What is the tens digit of 625?
2
What is the thousands digit of 252037?
2
What is the units digit of 1419334?
4
What is the hundreds digit of 3051197?
1
What is the thousands digit of 5412125?
2
What is the ten thousands digit of 88776?
8
What is the hundred thousands digit of 126753?
1
What is the hundred thousands digit of 25426806?
4
What is the ten thousands digit of 372727?
7
What is the tens digit of 19862?
6
What is the tens digit of 11318007?
0
What is the thousands digit of 810492?
0
What is the tens digit of 754329?
2
What is the thousands digit of 6187266?
7
What is the units digit of 372390?
0
What is the units digit of 11707450?
0
What is the units digit of 564487?
7
What is the thousands digit of 8919717?
9
What is the units digit of 2002970?
0
What is the hundred thousands digit of 2718559?
7
What is the thousands digit of 5130627?
0
What is the tens digit of 44093?
9
What is the tens digit of 12125822?
2
What is the ten thousands digit of 532128?
3
What is the hundred thousands digit of 663734?
6
What is the thousands digit of 18564774?
4
What is the hundred thousands digit of 229858?
2
What is the tens digit of 856268?
6
What is the hundred thousands digit of 349116?
3
What is the ten thousands digit of 234297?
3
What is the millions digit of 22258042?
2
What is the hundreds digit of 622269?
2
What is the millions digit of 1641119?
1
What is the ten thousands digit of 998910?
9
What is the tens digit of 1103866?
6
What is the tens digit of 229860?
6
What is the ten thousands digit of 2653943?
5
What is the hundred thousands digit of 23739569?
7
What is the tens digit of 273843?
4
What is the units digit of 43126194?
4
What is the ten millions digit of 11134242?
1
What is the hundred thousands digit of 2186802?
1
What is the hundreds digit of 394958?
9
What is the tens digit of 202604?
0
What is the hundred thousands digit of 1299039?
2
What is the hundreds digit of 5890288?
2
What is the thousands digit of 2948305?
8
What is the thousands digit of 1506368?
6
What is the thousands digit of 771291?
1
What is the tens digit of 352872?
7
What is the hundreds digit of 946833?
8
What is the hundreds digit of 18293260?
2
What is the hundred thousands digit of 2097761?
0
What is the hundred thousands digit of 963035?
9
What is the thousands digit of 2035834?
5
What is the ten thousands digit of 196494?
9
What is the tens digit of 4859256?
5
What is the thousands digit of 1812821?
2
What is the hundred thousands digit of 336306?
3
What is the ten thousands digit of 99449?
9
What is the tens digit of 1029502?
0
What is the ten thousands digit of 305501?
0
What is the tens digit of 17987071?
7
What is the hundred thousands digit of 340265?
3
What is the hundred thousands digit of 6273829?
2
What is the ten thousands digit of 3108255?
0
What is the hundreds digit of 1355372?
3
What is the hundred thousands digit of 1349739?
3
What is the units digit of 103978?
8
What is the millions digit of 1842114?
1
What is the tens digit of 6046841?
4
What is the thousands digit of 6612810?
2
What is the hundreds digit of 557194?
1
What is the hundreds digit of 1581557?
5
What is the hundreds digit of 1404827?
8
What is the tens digit of 6356829?
2
What is the hundreds digit of 5851576?
5
What is the units digit of 7902121?
1
What is the thousands digit of 298594?
8
What is the ten thousands digit of 11178038?
7
What is the thousands digit of 312593?
2
What is the hundreds digit of 3543892?
8
What is the units digit of 33054140?
0
What is the thousands digit of 167691?
7
What is the thousands digit of 933881?
3
What is the tens digit of 855901?
0
What is the tens digit of 3151922?
2
What is the tens digit of 396148?
4
What is the ten thousands digit of 291166?
9
What is the ten millions digit of 16043638?
1
What is the millions digit of 11886877?
1
What is the tens digit of 19426752?
5
What is the hundreds digit of 635549?
5
What is the hundred thousands digit of 1216871?
2
What is the hundreds digit of 7962299?
2
What is the ten thousands digit of 515638?
1
What is the hundred thousands digit of 4041584?
0
What is the hundreds digit of 996041?
0
What is the hundreds digit of 15053887?
8
What is the